 Determine o(10).
10
Suppose -4*r + 9 = -6*r - 3*i, -3*r - i = 3. Suppose r = 9*t + 138 - 84. Let v(a) = -2*a + 3. Calculate v(t).
15
Suppose -3*n = 5*t - 6, 4 = -26*t + 22*t + 2*n. Let y(i) be the third derivative of i**5/60 + i**4/24 + 11*i**3/6 + 4*i**2. Give y(t).
11
Suppose -5*i = 3*c - 31, -3*c + 2*c - 1 = -4*i. Let u(r) = 7 - 74*r + 29*r + 1 + 34*r + 10*r - 3. What is u(c)?
-2
Let w(h) = -10*h**2 + 12*h**2 - 70 + h**2 + 36*h**2 + h**3 - 6*h**2 - 2*h. Determine w(-33).
-4
Let v be 3*(-1998)/729 - (-4)/18. Let a(x) = x**3 + 8*x**2 + 5*x + 21. Give a(v).
-19
Let k be (98/(8 - 1))/(-5*(-2)/5). Let d(a) be the first derivative of a**3/3 - 4*a**2 - a - 1. Let f(b) be the first derivative of d(b). Calculate f(k).
6
Suppose 3*w = -b - 4 + 27, w + b = 11. Let r(u) = -23*u**2 + 95*u + 58. Let z(l) = 6*l**2 - 25*l - 15. Let t(o) = 5*r(o) + 19*z(o). Give t(w).
-31
Let z(v) = -2*v - 20. Let s be ((-164)/(-410))/((-1)/30). Calculate z(s).
4
Let p(u) = 5*u**2 + 880 - 8*u**2 - 6*u + 3*u**3 - 879. Give p(4).
121
Let k = 2047 + -2052. Let h(v) = v**3 + 3*v**2 - 5*v - 5. What is h(k)?
-30
Let z(d) = d**2 + 4*d - 18. Let w be z(3). Let x(o) = -3*o + 58 - 49 - o**w - 3*o + 6*o**2. Calculate x(5).
4
Let g(q) = 3*q**2 - 11*q - 4. Let x(u) = -7*u**2 + 32*u + 13. Let c(b) = -8*g(b) - 3*x(b). Give c(-4).
-23
Let k be 12/33 + 13534/(-737). Let a(l) = 5*l + 92. Determine a(k).
2
Let f(r) be the second derivative of -r**3 + 7*r**2/2 + 5161*r. What is f(3)?
-11
Let m(k) = 504*k - 5037. Let w be m(10). Let y(x) = -x**3 + 3*x**2 + 6*x - 21. Calculate y(w).
-3
Let h(u) = -4*u + 39. Let d(f) = 76*f - 765. Let y(t) = 2*d(t) + 39*h(t). Let k be 0 + 0 + (4 - 8). What is y(k)?
7
Suppose 108 = 51*o - 63*o. Let l(h) be the third derivative of h**4/24 + 2*h**3 - 13*h**2. What is l(o)?
3
Let y(x) = x**2 - 26*x + 50. Let k = -18247 - -18271. Give y(k).
2
Let h(d) = -3*d**2 - 61*d + 44. Suppose -30*z + 103*z + 1533 = 0. Give h(z).
2
Let c = 258 + -242. Let n(v) = -4 + 7*v + v**2 + 3 - c*v. Give n(9).
-1
Let c be (-4)/(16 + -10 + -2). Let m(p) = -18*p**2 - 5*p - 3. Let b(j) = -9*j**2 - 3*j - 2. Let d(n) = -7*b(n) + 4*m(n). Calculate d(c).
-8
Let y(q) = -q**3 + 12*q**2 - q + 28. Let d = -2019 + 2031. Determine y(d).
16
Let x(n) be the third derivative of n**6/120 - n**5/15 + 5*n**4/24 - 2*n**3/3 - 12*n**2 - 128*n. Let m be 3*6*(-2)/(-9). Determine x(m).
16
Let p(w) = w**3 + 5*w**2 - w - 3. Let y be p(-5). Let c be 13/((-13)/(-6)) - y. Suppose c + 2 = -6*b. Let z(o) = -11*o**3 + 2*o**2 - 1. What is z(b)?
12
Let k(v) be the third derivative of 63*v**2 + 0*v - 1/3*v**3 + 0 - 5/8*v**4. What is k(-2)?
28
Let y(b) = -b**2 + 8*b + 4. Let f = 13 - 11. Suppose 388 = 4*q + f*z, -4*q + 0*z = z - 386. Let h be (12/(-8))/((-18)/q). What is y(h)?
4
Let w(d) be the third derivative of 0*d + d**2 + 1/6*d**3 - 1/24*d**4 - 46. What is w(-1)?
2
Let i(t) = -2*t**3 - 15*t**2 - 21*t - 22. Let k(d) = d**3 + 8*d**2 + 11*d + 10. Let y(r) = -4*i(r) - 7*k(r). Give y(-3).
6
Let g(h) = 30 - 10 + 2*h**2 - h - h + 15*h. Give g(-4).
0
Let o(l) = -48*l - 47*l - 18*l + 162*l - 34*l - 96. What is o(7)?
9
Let n = -6985 - -6982. Let o(k) = -k**3 - 2*k**2 + 12*k + 20. What is o(n)?
-7
Let a(d) be the second derivative of -d**7/2520 + 7*d**6/720 + 73*d**4/6 + d + 29. Let y(l) be the third derivative of a(l). Determine y(4).
12
Let l(f) = 2*f + 16. Let a be l(-5). Let u be 1/3 + (16/a - 0). Let c(k) = -k**2 + 3*k**u + 3*k**2 - 7*k**2 - 4*k - 4*k**3. What is c(-4)?
0
Let v(n) = -314*n - 6 - 321*n - 6*n**2 + 636*n + n**3 + 0*n**2. Let u(q) = q**2 + 11*q + 6. Let t be u(-11). Calculate v(t).
0
Suppose 7*t + 33 = 89. Let y(u) = -u + 7*u - 4*u - t*u. Give y(-1).
6
Let i(f) = -6*f - 2. Let r = 42 + -3. Suppose 1 = -y, -2*y + 34 = 5*u - r. Let b(j) = j**3 - 15*j**2 + 2. Let m be b(u). What is i(m)?
-14
Let a(g) = -7*g**2 + 6*g - 5. Let c(z) = 7*z - 2 - 4 - 8*z**2 + 0*z**2. Let q(p) = 6*a(p) - 5*c(p). Let b be 2*(-24 - (-16 + -7)). Determine q(b).
-10
Let r(p) = p**3 - 2*p**2 + p. Let y be r(1). Let h(a) = a**3 + 2. Let i(w) = -4*w**3 - w**2 - 8. Suppose 4 - 25 = -7*s. Let j(t) = s*h(t) + i(t). Give j(y).
-2
Let p(q) = -5 - 4*q**2 - 5*q + q**2 + 4*q**2. Let h be -1*3 - (-4 + -294). Suppose -x = 290 - h. Calculate p(x).
-5
Let w(c) = c**2 + 803*c + 5578. Let p be w(-7). Let f(n) be the third derivative of -4/3*n**3 + 0 + 1/24*n**4 - n**2 + 0*n. Determine f(p).
-2
Let s(p) be the second derivative of p**4/12 + p**3/6 - 3*p**2/2 + 7*p. Suppose -3*t - 3*d = 0, -4*t + 0*t - 3*d - 3 = 0. Determine s(t).
3
Let h be (-3 + 4)*-6 - -5. Let a be h/(-4)*60/5. Let m(i) be the second derivative of -i**5/20 + i**4/4 + i**3/6 + i**2 - 2*i. What is m(a)?
5
Let m(v) be the first derivative of -v**4/4 - 7*v**3/3 - 5*v**2 + 12*v - 1278. What is m(-4)?
4
Let b = 455 + -461. Let f(r) be the third derivative of r**5/60 + r**4/4 + r**3/6 - 4*r**2 + 3*r. Give f(b).
1
Let y(m) = -6*m**3 - 29*m**2 + 77*m - 5. Let n(a) = -5*a**3 - 29*a**2 + 75*a - 6. Let s(p) = -9*n(p) + 8*y(p). Determine s(7).
-7
Let r(t) = -4*t**2 + 75*t - 52. Let w be (44/(-110))/(6/(-270)). Calculate r(w).
2
Let m(t) = 12138*t - 15. Let d(c) = 4414*c - 5. Let r(k) = 11*d(k) - 4*m(k). Let o be (-18)/14 + (-8)/(-28). Calculate r(o).
3
Let m(n) be the first derivative of n**3 + 23*n**2/2 + 39*n - 19. Give m(-5).
-1
Let w(h) be the first derivative of -2*h**2 - 2*h**3 - 3*h - 1/4*h**4 - 4. Let b = 827 + -831. What is w(b)?
-19
Let n(i) be the second derivative of -i**3/6 + 3*i**2/2 + i. Suppose 4*a = 5*u - 58, 38*u + 52 = 42*u - 4*a. What is n(u)?
-3
Let o(u) = 3*u**2 - 24*u - 27. Let k(t) = 2*t**2 - 12*t - 13. Let g(c) = 5*k(c) - 3*o(c). Suppose 0 = -8*a + 65 - 153. Determine g(a).
5
Let q(y) = -3*y. Let s(n) = 21*n - 91. Let a(h) = -5*q(h) - s(h). Give a(15).
1
Let k(y) = -2*y**3 + 0*y + y**3 - 3*y**2 + 2*y. Let v be 450/(-25125)*-67 - (-4)/10*2. What is k(v)?
-16
Let f(w) = -3*w. Suppose -76*r = -88*r + 708. Suppose -2*m - 63 + r = 0. What is f(m)?
6
Suppose 5*l + 88 = 5*u + 128, 39 = -5*u + 4*l. Let k(r) = -r**3 - 7*r**2 - 3*r - 5. Determine k(u).
16
Let t(n) = 837*n + 5850. Let k be t(-7). Let l(h) be the second derivative of h**3/6 + 8*h**2 - 3*h. Give l(k).
7
Let x(l) be the first derivative of l**3/3 - 12*l**2 + 10*l - 4833. Calculate x(24).
10
Let a(f) = f - 2. Suppose -69 = -3*o - 11*u + 8*u, 3*o + 2*u = 74. Suppose -3*i = 15, 2*k - 5*i - o - 7 = 0. Give a(k).
3
Suppose -1 = r + j, 0*r - 2*j = 3*r. Let k(m) = -5*m - 2*m**3 + m**3 - 4*m**r - m**2 + 3*m. Suppose -30*l = 294 - 204. Determine k(l).
-12
Suppose p - 55*g + 52*g = -7, -3 = -g. Let w(c) be the third derivative of -1/8*c**4 + 0 + 0*c + 0*c**3 + 10*c**p. What is w(-2)?
6
Let u(k) = -1213 + 1197 + 46*k - 47*k. Suppose 0 = 5*j + 17 + 23. Determine u(j).
-8
Let i be (-20)/(-4) - (3 + -1). Suppose 0 + 1 = -2*m - 3*s, -i*s = -3*m - 9. Let v(y) = -8*y + y - 9*y + 19*y + 3*y. Determine v(m).
-12
Let a(n) be the second derivative of 3*n**3/2 + 9*n**2 - 301*n + 1. Determine a(-7).
-45
Let q(s) be the first derivative of -s**4/4 + 4*s**3/3 - 3*s**2/2 + s + 1. Suppose -4*z = -6*j + 11*j - 795, 5*z + 3*j = 1010. Let l = z - 202. Give q(l).
1
Let l(n) = 13*n + 16. Let h(k) = -7*k - 8. Let q(u) = 11*h(u) + 6*l(u). Let y = 8 - -22. Suppose 0 = -5*t + y*t. Give q(t).
8
Let r(d) = 5*d + 286. Let h(x) = -15*x - 881. Let f(l) = -6*h(l) - 19*r(l). Calculate f(-30).
2
Let r(w) = -3*w**2 - 3*w + 90. Let u(q) = 5*q**2 + 7*q - 169. Let x(g) = -11*r(g) - 6*u(g). What is x(3)?
24
Let v(m) = -m**3 + 2*m**2 + m + 3. Suppose 0 = -26*k + 53 + 25. Suppose 0 = 2*i - 2*a, -k*i + 18*a = 17*a - 6. Determine v(i).
-3
Let o(f) = 60*f - 3. Let t(l) = 43*l - 3. Let u(p) = -2*o(p) + 3*t(p). What is u(-4)?
-39
Let b(a) be the first derivative of -a**7/840 - 7*a**6/360 - 7*a**5/120 + a**4/12 - 61*a**3/3 + 128. Let m(i) be the third derivative of b(i). Give m(-6).
8
Suppose 0 = -10*v + 7*v - 24. Let i(o) = -o**2 + o. Let h(q) = q + 5*q + 0*q + 1 + 4*q**2 + 1. Let b(u) = h(u) + 3*i(u). Determine b(v).
-6
Let p(t) be the second derivative of -t**5/20 + 5*t**4/12 + 5*t**3/2 - 15*t**2/2 - 2753*t. Calculate p(6).
39
Let x(i) = 5. Let p(l) = l + 28. Let g be p(-11). Let q(c) = 23 + 10 - 41 + g + c. Let j(h) = 2*q(h) - 5*x(h). What is j(5)?
3
Let x be (-2)/((1/8)/(1/